{"id":924,"date":"2023-10-23T18:04:20","date_gmt":"2023-10-23T16:04:20","guid":{"rendered":"https:\/\/www.iinmetsastysyhdistys.fi\/?page_id=924"},"modified":"2023-10-23T18:35:38","modified_gmt":"2023-10-23T16:35:38","slug":"iin-metsastysyhdistyksen-metsastysalueet","status":"publish","type":"page","link":"https:\/\/www.iinmetsastysyhdistys.fi\/?page_id=924","title":{"rendered":"Iin Mets\u00e4stysyhdistyksen mets\u00e4stysalueet"},"content":{"rendered":"\n<p><\/p>\n\n\n\n<p>Kiinte\u00e4t kartat vanhentuvat nopeasti mm. maank\u00e4ytt\u00f6sopimustilanne el\u00e4\u00e4 koko ajan sek\u00e4 maita ostetaan ja myyd\u00e4\u00e4n mink\u00e4 johdosta ainoa virallinen ja ajantasainen kuva alueista l\u00f6ytyy mets\u00e4st\u00e4jien k\u00e4ytt\u00f6\u00f6n tarkoitetusta karttasovelluksesta.<\/p>\n\n\n\n<p>Nykyinen karttakoodi:<\/p>\n\n\n\n<p><strong>BQFWECEXJN<\/strong><\/p>\n\n\n\n<p>Ohje: Tracker<\/p>\n\n\n\n<figure class=\"wp-block-image size-large\"><img loading=\"lazy\" decoding=\"async\" width=\"461\" height=\"1024\" src=\"http:\/\/www.iinmetsastysyhdistys.fi\/wp-content\/uploads\/Iimy-Tracker-ohje-1-461x1024.jpg\" alt=\"\" class=\"wp-image-927\" srcset=\"https:\/\/www.iinmetsastysyhdistys.fi\/wp-content\/uploads\/Iimy-Tracker-ohje-1-461x1024.jpg 461w, https:\/\/www.iinmetsastysyhdistys.fi\/wp-content\/uploads\/Iimy-Tracker-ohje-1-135x300.jpg 135w, https:\/\/www.iinmetsastysyhdistys.fi\/wp-content\/uploads\/Iimy-Tracker-ohje-1-691x1536.jpg 691w, https:\/\/www.iinmetsastysyhdistys.fi\/wp-content\/uploads\/Iimy-Tracker-ohje-1.jpg 921w\" sizes=\"auto, (max-width: 461px) 100vw, 461px\" \/><\/figure>\n\n\n\n<figure class=\"wp-block-image size-large\"><img loading=\"lazy\" decoding=\"async\" width=\"461\" height=\"1024\" src=\"https:\/\/www.iinmetsastysyhdistys.fi\/wp-content\/uploads\/Iimy-Tracker-ohje-2-461x1024.jpg\" alt=\"\" class=\"wp-image-931\" srcset=\"https:\/\/www.iinmetsastysyhdistys.fi\/wp-content\/uploads\/Iimy-Tracker-ohje-2-461x1024.jpg 461w, https:\/\/www.iinmetsastysyhdistys.fi\/wp-content\/uploads\/Iimy-Tracker-ohje-2-135x300.jpg 135w, https:\/\/www.iinmetsastysyhdistys.fi\/wp-content\/uploads\/Iimy-Tracker-ohje-2-691x1536.jpg 691w, https:\/\/www.iinmetsastysyhdistys.fi\/wp-content\/uploads\/Iimy-Tracker-ohje-2.jpg 921w\" sizes=\"auto, (max-width: 461px) 100vw, 461px\" \/><\/figure>\n\n\n\n<figure class=\"wp-block-image size-large\"><img loading=\"lazy\" decoding=\"async\" width=\"461\" height=\"1024\" src=\"https:\/\/www.iinmetsastysyhdistys.fi\/wp-content\/uploads\/Iimy-Tracker-ohje-3-461x1024.jpg\" alt=\"\" class=\"wp-image-932\" srcset=\"https:\/\/www.iinmetsastysyhdistys.fi\/wp-content\/uploads\/Iimy-Tracker-ohje-3-461x1024.jpg 461w, https:\/\/www.iinmetsastysyhdistys.fi\/wp-content\/uploads\/Iimy-Tracker-ohje-3-135x300.jpg 135w, https:\/\/www.iinmetsastysyhdistys.fi\/wp-content\/uploads\/Iimy-Tracker-ohje-3-691x1536.jpg 691w, https:\/\/www.iinmetsastysyhdistys.fi\/wp-content\/uploads\/Iimy-Tracker-ohje-3.jpg 921w\" sizes=\"auto, (max-width: 461px) 100vw, 461px\" \/><\/figure>\n\n\n\n<p><\/p>\n\n\n\n<p class=\"has-medium-font-size\"><strong>Ennen mets\u00e4lle l\u00e4ht\u00f6\u00e4 muista p\u00e4ivitt\u00e4\u00e4 kartta, jotta mahdolliset muutokset p\u00e4ivittyv\u00e4t k\u00e4ytt\u00f6\u00f6n.<\/strong><\/p>\n\n\n\n<figure class=\"wp-block-image size-large\"><img loading=\"lazy\" decoding=\"async\" width=\"461\" height=\"1024\" src=\"https:\/\/www.iinmetsastysyhdistys.fi\/wp-content\/uploads\/Iimy-Tracker-ohje-4-461x1024.jpg\" alt=\"\" class=\"wp-image-933\" srcset=\"https:\/\/www.iinmetsastysyhdistys.fi\/wp-content\/uploads\/Iimy-Tracker-ohje-4-461x1024.jpg 461w, https:\/\/www.iinmetsastysyhdistys.fi\/wp-content\/uploads\/Iimy-Tracker-ohje-4-135x300.jpg 135w, https:\/\/www.iinmetsastysyhdistys.fi\/wp-content\/uploads\/Iimy-Tracker-ohje-4-691x1536.jpg 691w, https:\/\/www.iinmetsastysyhdistys.fi\/wp-content\/uploads\/Iimy-Tracker-ohje-4.jpg 921w\" sizes=\"auto, (max-width: 461px) 100vw, 461px\" \/><\/figure>\n","protected":false},"excerpt":{"rendered":"<p>Kiinte\u00e4t kartat vanhentuvat nopeasti mm. maank\u00e4ytt\u00f6sopimustilanne el\u00e4\u00e4 koko ajan sek\u00e4 maita ostetaan ja myyd\u00e4\u00e4n mink\u00e4 johdosta ainoa virallinen ja ajantasainen kuva alueista l\u00f6ytyy mets\u00e4st\u00e4jien k\u00e4ytt\u00f6\u00f6n tarkoitetusta karttasovelluksesta. Nykyinen karttakoodi: BQFWECEXJN Ohje: Tracker Ennen mets\u00e4lle l\u00e4ht\u00f6\u00e4 muista p\u00e4ivitt\u00e4\u00e4 kartta, jotta mahdolliset muutokset p\u00e4ivittyv\u00e4t k\u00e4ytt\u00f6\u00f6n.<\/p>\n","protected":false},"author":2,"featured_media":0,"parent":0,"menu_order":0,"comment_status":"closed","ping_status":"closed","template":"","meta":{"footnotes":""},"class_list":["post-924","page","type-page","status-publish","hentry"],"jetpack_sharing_enabled":true,"_links":{"self":[{"href":"https:\/\/www.iinmetsastysyhdistys.fi\/index.php?rest_route=\/wp\/v2\/pages\/924","targetHints":{"allow":["GET"]}}],"collection":[{"href":"https:\/\/www.iinmetsastysyhdistys.fi\/index.php?rest_route=\/wp\/v2\/pages"}],"about":[{"href":"https:\/\/www.iinmetsastysyhdistys.fi\/index.php?rest_route=\/wp\/v2\/types\/page"}],"author":[{"embeddable":true,"href":"https:\/\/www.iinmetsastysyhdistys.fi\/index.php?rest_route=\/wp\/v2\/users\/2"}],"replies":[{"embeddable":true,"href":"https:\/\/www.iinmetsastysyhdistys.fi\/index.php?rest_route=%2Fwp%2Fv2%2Fcomments&post=924"}],"version-history":[{"count":9,"href":"https:\/\/www.iinmetsastysyhdistys.fi\/index.php?rest_route=\/wp\/v2\/pages\/924\/revisions"}],"predecessor-version":[{"id":940,"href":"https:\/\/www.iinmetsastysyhdistys.fi\/index.php?rest_route=\/wp\/v2\/pages\/924\/revisions\/940"}],"wp:attachment":[{"href":"https:\/\/www.iinmetsastysyhdistys.fi\/index.php?rest_route=%2Fwp%2Fv2%2Fmedia&parent=924"}],"curies":[{"name":"wp","href":"https:\/\/api.w.org\/{rel}","templated":true}]}}