{"id":652,"date":"2026-08-27T08:52:16","date_gmt":"2026-08-27T06:52:16","guid":{"rendered":"https:\/\/www.iinmetsastysyhdistys.fi\/?page_id=652"},"modified":"2026-08-31T20:30:12","modified_gmt":"2026-08-31T18:30:12","slug":"kivaarirata","status":"publish","type":"page","link":"https:\/\/www.iinmetsastysyhdistys.fi\/?page_id=652","title":{"rendered":"Kiv\u00e4\u00e4rirata &#8211; varauskalenteri"},"content":{"rendered":"\n<p class=\"wp-block-paragraph\"><\/p>\n\n\n\n<p class=\"wp-block-paragraph\">Kiv\u00e4\u00e4riradan ja hirviradan varaus ja tiedustelut, ampumaradan varauskalenteri: Sami Junnila (040-592 7540 mielell\u00e4\u00e4n WhatsApp viestill\u00e4 tai tekstarilla). Varauksen yhteydess\u00e4 ilmoita s\u00e4hk\u00f6posti, johon lasku l\u00e4hetet\u00e4\u00e4n. Varaukset mielell\u00e4\u00e4n noin viikkoa etuk\u00e4teen!<\/p>\n\n\n\n<p class=\"wp-block-paragraph\">Hirviradan k\u00e4yt\u00e4nn\u00f6n j\u00e4rjestelyt ja opastus: Teppo Kakkonen.   Rataa vuokrataan seuroille ja yhdistyksille. Varausmaksu 20\u20ac \/ 2h (minimimaksu) maksetaan seuran tilille. Lis\u00e4tunnit 10e\/h.<\/p>\n\n\n\n<p class=\"wp-block-paragraph\">Radan p\u00e4iv\u00e4vuokra on 100\u20ac .<\/p>\n\n\n\n<p class=\"wp-block-paragraph\">Varauskalenterista puuttumaton varaus ei ole varaus!<\/p>\n\n\n\n<hr class=\"wp-block-separator has-alpha-channel-opacity\"\/>\n\n\n\n<p class=\"wp-block-paragraph\">VAKIOVUOROT ja VARAUKSET<\/p>\n\n\n\n<figure class=\"wp-block-table\"><table class=\"has-fixed-layout\"><tbody><tr><td class=\"has-text-align-left\" data-align=\"left\"><strong>Viikonp\u00e4iv\u00e4<\/strong><\/td><td><strong>Varattu<\/strong><\/td><td><strong>Kellonaika<\/strong><\/td><\/tr><tr><td class=\"has-text-align-left\" data-align=\"left\">Maanantai<\/td><td><\/td><td><\/td><\/tr><tr><td class=\"has-text-align-left\" data-align=\"left\">Tiistai<\/td><td>Hirvikoeammunnat 2026, RHy<br>1.9.<\/td><td>18-21<\/td><\/tr><tr><td class=\"has-text-align-left\" data-align=\"left\">Keskiviikko<\/td><td>2.9. Markku V<br>16.9. Hirviporukka H\u00f6lkk\u00e4<\/td><td>18-20<br>17-19<\/td><\/tr><tr><td class=\"has-text-align-left\" data-align=\"left\">Torstai<\/td><td><\/td><td><\/td><\/tr><tr><td class=\"has-text-align-left\" data-align=\"left\">Perjantai<\/td><td>25.9. SRVA<\/td><td>17-19<\/td><\/tr><tr><td class=\"has-text-align-left\" data-align=\"left\">Lauantai<\/td><td><\/td><td><\/td><\/tr><tr><td class=\"has-text-align-left\" data-align=\"left\">Sunnuntai<\/td><td>6.9. Reservil\u00e4iset Pistoolikilpailu<br><br>Iin Reservil\u00e4iset<\/td><td>16-20<br><br><br>17-19 (vakiovuoro)<\/td><\/tr><\/tbody><\/table><\/figure>\n\n\n\n<p class=\"wp-block-paragraph\"><\/p>\n","protected":false},"excerpt":{"rendered":"<p>Kiv\u00e4\u00e4riradan ja hirviradan varaus ja tiedustelut, ampumaradan varauskalenteri: Sami Junnila (040-592 7540 mielell\u00e4\u00e4n WhatsApp viestill\u00e4 tai tekstarilla). Varauksen yhteydess\u00e4 ilmoita s\u00e4hk\u00f6posti, johon lasku l\u00e4hetet\u00e4\u00e4n. Varaukset mielell\u00e4\u00e4n noin viikkoa etuk\u00e4teen! Hirviradan k\u00e4yt\u00e4nn\u00f6n j\u00e4rjestelyt ja opastus: Teppo Kakkonen. Rataa vuokrataan seuroille ja yhdistyksille. Varausmaksu 20\u20ac \/ 2h (minimimaksu) maksetaan seuran tilille. Lis\u00e4tunnit 10e\/h. Radan p\u00e4iv\u00e4vuokra on 100\u20ac &hellip; <a href=\"https:\/\/www.iinmetsastysyhdistys.fi\/?page_id=652\" class=\"more-link\">Jatka lukemista <span class=\"screen-reader-text\">Kiv\u00e4\u00e4rirata &#8211; varauskalenteri<\/span> <span class=\"meta-nav\">&rarr;<\/span><\/a><\/p>\n","protected":false},"author":2,"featured_media":0,"parent":0,"menu_order":0,"comment_status":"closed","ping_status":"closed","template":"","meta":{"footnotes":""},"class_list":["post-652","page","type-page","status-publish","hentry"],"jetpack_sharing_enabled":true,"_links":{"self":[{"href":"https:\/\/www.iinmetsastysyhdistys.fi\/index.php?rest_route=\/wp\/v2\/pages\/652","targetHints":{"allow":["GET"]}}],"collection":[{"href":"https:\/\/www.iinmetsastysyhdistys.fi\/index.php?rest_route=\/wp\/v2\/pages"}],"about":[{"href":"https:\/\/www.iinmetsastysyhdistys.fi\/index.php?rest_route=\/wp\/v2\/types\/page"}],"author":[{"embeddable":true,"href":"https:\/\/www.iinmetsastysyhdistys.fi\/index.php?rest_route=\/wp\/v2\/users\/2"}],"replies":[{"embeddable":true,"href":"https:\/\/www.iinmetsastysyhdistys.fi\/index.php?rest_route=%2Fwp%2Fv2%2Fcomments&post=652"}],"version-history":[{"count":167,"href":"https:\/\/www.iinmetsastysyhdistys.fi\/index.php?rest_route=\/wp\/v2\/pages\/652\/revisions"}],"predecessor-version":[{"id":1497,"href":"https:\/\/www.iinmetsastysyhdistys.fi\/index.php?rest_route=\/wp\/v2\/pages\/652\/revisions\/1497"}],"wp:attachment":[{"href":"https:\/\/www.iinmetsastysyhdistys.fi\/index.php?rest_route=%2Fwp%2Fv2%2Fmedia&parent=652"}],"curies":[{"name":"wp","href":"https:\/\/api.w.org\/{rel}","templated":true}]}}

Kiväärirata &#8211; varauskalenteri

<p class="wp-block-paragraph"></p>



<p class="wp-block-paragraph">Kivääriradan ja hirviradan varaus ja tiedustelut, ampumaradan varauskalenteri: Sami Junnila (040-592 7540 mielellään WhatsApp viestillä tai tekstarilla). Varauksen yhteydessä ilmoita sähköposti, johon lasku lähetetään. Varaukset mielellään noin viikkoa etukäteen!</p>



<p class="wp-block-paragraph">Hirviradan käytännön järjestelyt ja opastus: Teppo Kakkonen.   Rataa vuokrataan seuroille ja yhdistyksille. Varausmaksu 20€ / 2h (minimimaksu) maksetaan seuran tilille. Lisätunnit 10e/h.</p>



<p class="wp-block-paragraph">Radan päivävuokra on 100€ .</p>



<p class="wp-block-paragraph">Varauskalenterista puuttumaton varaus ei ole varaus!</p>



<hr class="wp-block-separator has-alpha-channel-opacity"/>



<p class="wp-block-paragraph">VAKIOVUOROT ja VARAUKSET</p>



<figure class="wp-block-table"><table class="has-fixed-layout"><tbody><tr><td class="has-text-align-left" data-align="left"><strong>Viikonpäivä</strong></td><td><strong>Varattu</strong></td><td><strong>Kellonaika</strong></td></tr><tr><td class="has-text-align-left" data-align="left">Maanantai</td><td></td><td></td></tr><tr><td class="has-text-align-left" data-align="left">Tiistai</td><td>Hirvikoeammunnat 2026, RHy<br>1.9.</td><td>18-21</td></tr><tr><td class="has-text-align-left" data-align="left">Keskiviikko</td><td>2.9. Markku V<br>16.9. Hirviporukka Hölkkä</td><td>18-20<br>17-19</td></tr><tr><td class="has-text-align-left" data-align="left">Torstai</td><td></td><td></td></tr><tr><td class="has-text-align-left" data-align="left">Perjantai</td><td>25.9. SRVA</td><td>17-19</td></tr><tr><td class="has-text-align-left" data-align="left">Lauantai</td><td></td><td></td></tr><tr><td class="has-text-align-left" data-align="left">Sunnuntai</td><td>6.9. Reserviläiset Pistoolikilpailu<br><br>Iin Reserviläiset</td><td>16-20<br><br><br>17-19 (vakiovuoro)</td></tr></tbody></table></figure>



<p class="wp-block-paragraph"></p>

<p>Kivääriradan ja hirviradan varaus ja tiedustelut, ampumaradan varauskalenteri: Sami Junnila (040-592 7540 mielellään WhatsApp viestillä tai tekstarilla). Varauksen yhteydessä ilmoita sähköposti, johon lasku lähetetään. Varaukset mielellään noin viikkoa etukäteen! Hirviradan käytännön järjestelyt ja opastus: Teppo Kakkonen. Rataa vuokrataan seuroille ja yhdistyksille. Varausmaksu 20€ / 2h (minimimaksu) maksetaan seuran tilille. Lisätunnit 10e/h. Radan päivävuokra on 100€ &hellip; <a href="https://www.iinmetsastysyhdistys.fi/?page_id=652" class="more-link">Jatka lukemista <span class="screen-reader-text">Kiväärirata &#8211; varauskalenteri</span> <span class="meta-nav">&rarr;</span></a></p>
