{"id":471,"date":"2020-04-13T09:13:46","date_gmt":"2020-04-13T07:13:46","guid":{"rendered":"http:\/\/www.iinmetsastysyhdistys.fi\/?page_id=471"},"modified":"2024-03-02T17:08:56","modified_gmt":"2024-03-02T15:08:56","slug":"saannot","status":"publish","type":"page","link":"https:\/\/www.iinmetsastysyhdistys.fi\/?page_id=471","title":{"rendered":"S\u00e4\u00e4nn\u00f6t"},"content":{"rendered":"\n<p><\/p>\n\n\n\n<p><strong>Patentti- ja rekisterihallitus on hyv\u00e4ksynyt n\u00e4m\u00e4 s\u00e4\u00e4nn\u00f6t yhdistyksen s\u00e4\u00e4nn\u00f6iksi 3.3.2023<\/strong><\/p>\n\n\n\n<p>1 \u00a7<\/p>\n\n\n\n<p>Yhdistyksen nimi on Iin Mets\u00e4stysyhdistys ry ja kotikunta Ii.<\/p>\n\n\n\n<p>2 \u00a7<\/p>\n\n\n\n<p>Yhdistyksen tarkoituksena on harjoittaa j\u00e4rkiper\u00e4ist\u00e4 mets\u00e4styst\u00e4 ja riistanhoitoa sek\u00e4 niiden edellytt\u00e4m\u00e4\u00e4 luonnonsuojelua ja ampumaurheilua.<\/p>\n\n\n\n<p>3 \u00a7<\/p>\n\n\n\n<p>Tarkoituksen toteuttamiseksi yhdistys:<\/p>\n\n\n\n<ol class=\"wp-block-list\">\n<li>pyrkii hankkimaan itselleen j\u00e4senm\u00e4\u00e4r\u00e4\u00e4n n\u00e4hden sopivan suuruisen mets\u00e4stys- ja riistanhoitoalueen sek\u00e4 huolehtii sit\u00e4 koskevien sopimusten aikaansaamisesta ja voimassapit\u00e4misest\u00e4.<\/li>\n\n\n\n<li>valvoo j\u00e4sentens\u00e4 ja asettamiensa mets\u00e4styksenvartijain<br>v\u00e4lityksell\u00e4 sek\u00e4 viranomaisten toimintaa tukemalla, ett\u00e4 sen<br>alueella noudatetaan mets\u00e4styksest\u00e4 voimassa olevia s\u00e4\u00e4nn\u00f6ksi\u00e4<br>ja hyvi\u00e4 mets\u00e4stystapoja<\/li>\n\n\n\n<li>ker\u00e4\u00e4 toimialueeltaan tietoja vuotuisten riistakantojen suuruudesta ja lis\u00e4\u00e4ntymisest\u00e4, s\u00e4\u00e4telee riistan verottamista kannan kulloinkin sallimissa rajoissa sek\u00e4 pit\u00e4\u00e4 luetteloa yhdistyksen j\u00e4senten mets\u00e4stysp\u00e4ivist\u00e4, osallistumisesta riistanhoitoty\u00f6h\u00f6n sek\u00e4 saalism\u00e4\u00e4rist\u00e4;<\/li>\n\n\n\n<li>riistakannan lis\u00e4\u00e4miseksi parantaa elinymp\u00e4rist\u00f6\u00e4, j\u00e4rjest\u00e4\u00e4 talviruokintaa, v\u00e4hent\u00e4\u00e4 vahinkoa tuottavia el\u00e4imi\u00e4, suorittaa tarvittaessa riistanistutuksia ja huolehtii tarpeellisten rauhoitusten aikaansaamisesta sek\u00e4 j\u00e4rkiper\u00e4isen mets\u00e4styksen ja riistanhoidon edellytt\u00e4m\u00e4st\u00e4 luonnonsuojelusta;<\/li>\n\n\n\n<li>j\u00e4rjest\u00e4\u00e4 valistus- ja koulutustilaisuuksia, joissa levitet\u00e4\u00e4n j\u00e4senist\u00f6n ja muun v\u00e4est\u00f6n keskuuteen harrastusta riistanhoitoon sek\u00e4 neuvontaan mets\u00e4stys- ja luonnonsuojelu-lain, oikeiden mets\u00e4stystapojen, riistanhoidon, ty\u00f6muotojen sek\u00e4 riista- ja vahinkoel\u00e4inten tuntemusta samoin kuin saaliin oikeaa k\u00e4sittely\u00e4;<\/li>\n\n\n\n<li>edist\u00e4\u00e4 puhdasrotuisten mets\u00e4styskoirien pitoa, koulutusta, k\u00e4ytt\u00f6\u00e4 ja jalostusta j\u00e4rjest\u00e4m\u00e4ll\u00e4 n\u00e4yttelyj\u00e4, k\u00e4ytt\u00f6kokeita ja kilpailuja, sek\u00e4; <\/li>\n\n\n\n<li>opastaa j\u00e4senist\u00f6\u00e4\u00e4n mets\u00e4stysaseiden oikeaan k\u00e4ytt\u00f6\u00f6n ja j\u00e4rjest\u00e4\u00e4 mets\u00e4stys- ja urheiluammunnan harjoittelu-, suoritus- ja kilpailutilaisuuksia, mit\u00e4 varten yhdistys voi asianomaisella luvalla rakentaa ja yll\u00e4pit\u00e4\u00e4 ampumarataa.<\/li>\n<\/ol>\n\n\n\n<p>4 \u00a7<\/p>\n\n\n\n<p>Yhdistyksen j\u00e4seniksi johtokunta voi hyv\u00e4ksy\u00e4 riistanhoitoa ja mets\u00e4styst\u00e4 harrastavat henkil\u00f6t, jotka pysyv\u00e4sti asuvat yhdistyksen alueella, ja jotka sitoutuvat noudattamaan yhdistyksen s\u00e4\u00e4nt\u00f6j\u00e4 ja p\u00e4\u00e4t\u00f6ksi\u00e4. Ennen n\u00e4iden s\u00e4\u00e4nt\u00f6jen voimaantuloa hyv\u00e4ksyttyjen j\u00e4senten oikeudet s\u00e4ilyv\u00e4t vanhojen s\u00e4\u00e4nt\u00f6jen mukaisina. J\u00e4sen on velvollinen noudattamaan mets\u00e4styst\u00e4 harjoittaessaan ja muussa toiminnassaan yhdistyksen s\u00e4\u00e4nt\u00f6j\u00e4 ja p\u00e4\u00e4t\u00f6ksi\u00e4 sek\u00e4 suorittamaan yhdistykseen liittyess\u00e4\u00e4n liittymismaksun ja hein\u00e4kuun loppuun menness\u00e4 vuotuisen j\u00e4senmaksun, joiden suuruuden yhdistyksen talvikokous vuosittain m\u00e4\u00e4r\u00e4\u00e4.<\/p>\n\n\n\n<p>5\u00a7<\/p>\n\n\n\n<p>Hirven mets\u00e4stykseen ovat oikeutettuja osallistumaan ainoastaan maanomistajaj\u00e4senet.<\/p>\n\n\n\n<p>6\u00a7<\/p>\n\n\n\n<p>J\u00e4senell\u00e4 on oikeus milloin tahansa erota yhdistyksest\u00e4 ilmoittamalla siit\u00e4 kirjallisesti yhdistyksen johtokunnalle tai sen puheenjohtajalle. J\u00e4sen voi my\u00f6s erota ilmoittamalla siit\u00e4 yhdistyksen kokouksessa p\u00f6yt\u00e4kirjaan merkitt\u00e4v\u00e4ksi. J\u00e4sen on velvollinen eroamaan yhdistyksest\u00e4, kun h\u00e4n muuttaa pois seuran alueelta.<\/p>\n\n\n\n<p>Yhdistyksen johtokunta voi erottaa j\u00e4senen, joka<\/p>\n\n\n\n<ol class=\"wp-block-list\">\n<li>laiminly\u00f6 n\u00e4iss\u00e4 s\u00e4\u00e4nn\u00f6iss\u00e4 mainittujen maksujen suorittamisen<\/li>\n\n\n\n<li>toimii yhdistyksen s\u00e4\u00e4nt\u00f6jen tai hyvien mets\u00e4stystapojen vastaisesti;<\/li>\n\n\n\n<li>rikkoo mets\u00e4styst\u00e4 koskevia lakeja, asetuksia tai m\u00e4\u00e4r\u00e4yksi\u00e4 tai<\/li>\n\n\n\n<li>toimii yhdistyksen tarkoitusperien vastaisesti.<\/li>\n<\/ol>\n\n\n\n<p>Ennen p\u00e4\u00e4t\u00f6ksentekoa johtokunnan on varattava asianomaiselle j\u00e4senelle tilaisuus selityksen antamiseen asiassa, jollei erottamisen syyn\u00e4 ole n\u00e4iss\u00e4 s\u00e4\u00e4nn\u00f6iss\u00e4 mainittujen maksujen maksamatta j\u00e4tt\u00e4minen. Erotetulla on oikeus vedota yhdistyksen seuraavaan kokoukseen. Vetoomus on annettava tiedoksi KIRJALLISESTI yhdistyksen johtokunnalle 30 p\u00e4iv\u00e4n kuluessa kirjallisen erottamisp\u00e4\u00e4t\u00f6ksen postitusp\u00e4iv\u00e4st\u00e4 po. p\u00e4iv\u00e4\u00e4 lukuun ottamatta. Ellei vetoomusta esitet\u00e4 edell\u00e4 mainitussa j\u00e4rjestyksess\u00e4, tulkoon erottamisp\u00e4\u00e4t\u00f6s voimaan heti m\u00e4\u00e4r\u00e4ajan p\u00e4\u00e4tytty\u00e4. Muussa tapauksessa j\u00e4sen katsottakoon erotetuksi vasta sitten, kun yhdistyksen kokous on vahvistanut erottamisp\u00e4\u00e4t\u00f6ksen. Eroava tai erotettu j\u00e4sen on velvollinen suorittamaan ennen j\u00e4sensuhteensa lakkaamista h\u00e4nelle kuuluvat maksut, eik\u00e4 h\u00e4nell\u00e4 ole oikeutta saada mit\u00e4\u00e4n yhdistyksen kiinte\u00e4st\u00e4 tai irtaimesta omaisuudesta.<\/p>\n\n\n\n<p>7\u00a7<\/p>\n\n\n\n<p>Yhdistyksen johtokuntaan kuuluu puheenjohtajan lis\u00e4ksi 6 j\u00e4sent\u00e4, joiden keskuudesta johtokunta valitsee varapuheenjohtajan. Johtokunnan j\u00e4senten toimikausi on 3 vuotta. Vuosittain on erovuorossa 2 j\u00e4sent\u00e4. Ensimm\u00e4isen vuoden erovuoroiset j\u00e4senet m\u00e4\u00e4r\u00e4t\u00e4\u00e4n arvalla johtokuntaa ensi kertaa valittaessa. Sen j\u00e4lkeen erovuoroisuus m\u00e4\u00e4r\u00e4ytyy vuoron mukaan. Johtokunnan puheenjohtaja ja j\u00e4senet erovuoroisten tilalle valitaan vuosittain. Mik\u00e4li johtokunnan j\u00e4sen eroaa tai kuolee, tai j\u00e4senyys muusta syyst\u00e4 p\u00e4\u00e4ttyy kesken toimikautta, valitaan h\u00e4nen tilalleen yhdistyksen seuraavassa kokouksessa j\u00e4ljell\u00e4 olevaksi toimikaudeksi uusi j\u00e4sen. Johtokunta on p\u00e4\u00e4t\u00f6svaltainen silloin, kun puheenjohtaja tai h\u00e4nen estyneen\u00e4 ollessaan varapuheenjohtaja sek\u00e4 v\u00e4hint\u00e4\u00e4n puolet muista j\u00e4senist\u00e4 on saapuvilla.<\/p>\n\n\n\n<p>Yhdistyksen nimen kirjoittaa puheenjohtaja yksin tai varapuheenjohtaja, sihteeri, rahastonhoitaja tai johtokunnan j\u00e4sen, kaksi yhdess\u00e4. P\u00e4\u00e4t\u00f6kset tehd\u00e4\u00e4n yksinkertaisella \u00e4\u00e4ntenenemmist\u00f6ll\u00e4. \u00c4\u00e4nten sattuessa tasan ratkaisee puheenjohtajan \u00e4\u00e4ni paitsi vaaleissa arpa.<\/p>\n\n\n\n<p>Johtokunnan teht\u00e4v\u00e4n\u00e4 on:<\/p>\n\n\n\n<ol class=\"wp-block-list\">\n<li>kutsua koolle yhdistyksen kokoukset, valmistaa niille esitett\u00e4v\u00e4t asiat ja panna kokousten p\u00e4\u00e4t\u00f6kset t\u00e4yt\u00e4nt\u00f6\u00f6n;<\/li>\n\n\n\n<li>hoitaa yhdistyksen rahavaroja ja muuta omaisuutta, huolehtia liittymis- ja j\u00e4senmaksujen sek\u00e4 muiden tulojen keruusta samoin kuin laatia yhdistyksen tilinp\u00e4\u00e4t\u00f6s p\u00e4\u00e4ttyneelt\u00e4 tili-vuodelta:<\/li>\n\n\n\n<li>tehd\u00e4 aloitteita ja ehdotuksia yhdistyksen kokoukselle toimenpiteist\u00e4 yhdistyksen teht\u00e4vien t\u00e4ytt\u00e4miseksi:<\/li>\n\n\n\n<li>ottaa ja erottaa yhdistyksen toimihenkil\u00f6t, kuten sihteeri, rahastonhoitaja ja mets\u00e4styksenvartijat:<\/li>\n\n\n\n<li>tehd\u00e4 vuokra- ja muut mets\u00e4stysalueiden k\u00e4ytt\u00f6\u00e4 koskevat sopimukset:<\/li>\n\n\n\n<li>tehd\u00e4 riistanhoitoyhdistykselle ilmoituksia ja antaa tarvittaessa lausuntoja mets\u00e4styslain 23 pyk\u00e4l\u00e4n 1 momentissa tarkoitetusta ep\u00e4kohdista, jotka koskevat riistakannan vaarantamista tai riistanhoidollisten toimenpiteiden laiminly\u00f6nti\u00e4:<\/li>\n\n\n\n<li>valmistaa yhdistyksen kokoukselle esitys riistanhoidon edist\u00e4miseksi tarpeellisesta yhteistoiminnasta naapuriyhdistysten kanssa:<\/li>\n\n\n\n<li>toimittaa yhdistyksen kokouksen hyv\u00e4ksym\u00e4t s\u00e4\u00e4nn\u00f6t ja s\u00e4\u00e4nt\u00f6jen muutokset yhdistysrekisteriin merkitt\u00e4viksi:<\/li>\n\n\n\n<li>pit\u00e4\u00e4 yhdistyksen j\u00e4senist\u00e4 luetteloa sek\u00e4 vuosittain ilmoittaa johtokunnan j\u00e4senten nimet ja osoitteet asianomaiselle riistanhoitoyhdistykselle; sek\u00e4<\/li>\n\n\n\n<li>hoitaa yhdistyksen kirjeenvaihto ja muut juoksevat asiat<\/li>\n\n\n\n<li>hyv\u00e4ksy\u00e4 ja erottaa j\u00e4senet<\/li>\n\n\n\n<li>p\u00e4\u00e4tt\u00e4\u00e4 yhdistyksen ansiomerkkien ja huomionosoitusten my\u00f6nt\u00e4misest\u00e4 sek\u00e4 tehd\u00e4 esityksi\u00e4 muista huomionosoituksista:<\/li>\n\n\n\n<li>ryhty\u00e4 kaikkiin toimenpiteisiin joita yhdistyksen etujen ja riistakannan s\u00e4ilyminen vaatii.<\/li>\n<\/ol>\n\n\n\n<p>8\u00a7<\/p>\n\n\n\n<p>Yhdistyksen tili- ja toimintavuosi on kalenterivuosi. Johtokunnan on esitett\u00e4v\u00e4 tilit ja tilinp\u00e4\u00e4t\u00f6s tarkastettaviksi viimeist\u00e4\u00e4n kymmenen p\u00e4iv\u00e4\u00e4 ennen talvikokousta. Tilintarkastajien on annettava lausuntonsa viimeist\u00e4\u00e4n kaksi p\u00e4iv\u00e4\u00e4 ennen talvikokousta johtokunnalle.<\/p>\n\n\n\n<p>9\u00a7<\/p>\n\n\n\n<p>Yhdistyksen varsinaisia kokouksia ovat kes\u00e4kokous ja talvikokous. Johtokunta kutsuu j\u00e4senet kaikkiin kokouksiin v\u00e4hint\u00e4\u00e4n yksi viikko ennen kokousta, paikkakunnalle yleisesti levi\u00e4v\u00e4ss\u00e4 sanomalehdess\u00e4 julkaistulla kokouskutsulla.<\/p>\n\n\n\n<p>10\u00a7<\/p>\n\n\n\n<p>Talvikokous pidet\u00e4\u00e4n 15.2. menness\u00e4 ja k\u00e4sitell\u00e4\u00e4n seuraavat asiat:<\/p>\n\n\n\n<ol class=\"wp-block-list\">\n<li>valitaan kokouksen puheenjohtaja ja sihteeri;<\/li>\n\n\n\n<li>todetaan kokouksen laillisuus;<\/li>\n\n\n\n<li>valitaan kaksi p\u00f6yt\u00e4kirjantarkastajaa ja kaksi \u00e4\u00e4ntenlaskijaa<\/li>\n\n\n\n<li>esitet\u00e4\u00e4n johtokunnan laatima toimintakertomus kuluneelta toimintavuodelta;<\/li>\n\n\n\n<li>esitet\u00e4\u00e4n tilintarkastuskertomus ja tilintarkastajain lausunto kuluneelta tilikaudelta ja p\u00e4\u00e4tet\u00e4\u00e4n tilien hyv\u00e4ksymisest\u00e4 ja tilinp\u00e4\u00e4t\u00f6ksen vahvistamisesta;<\/li>\n\n\n\n<li>p\u00e4\u00e4tet\u00e4\u00e4n tili- ja vastuuvapauden my\u00f6nt\u00e4misest\u00e4 johtokunnalle ja muille tilivelvollisille:<\/li>\n\n\n\n<li>toimitetaan johtokunnan puheenjohtajan vaali;<\/li>\n\n\n\n<li>toimitetaan johtokunnan j\u00e4senten vaali erovuoroisten tilalle<\/li>\n\n\n\n<li>toimitetaan kahden tilintarkastajien ja heid\u00e4n henkil\u00f6kohtaisten varamiestens\u00e4 vaali;<\/li>\n\n\n\n<li>vahvistetaan toiminta- ja riistanhoitosuunnitelma kuluvaa toimintavuotta varten.<\/li>\n\n\n\n<li>hyv\u00e4ksyt\u00e4\u00e4n toimintavuoden tulo- ja menoarvio sek\u00e4 p\u00e4\u00e4tet\u00e4\u00e4n yhdistyksen mets\u00e4styksenvartijoiden ja muiden toimihenkil\u00f6iden palkkion m\u00e4\u00e4r\u00e4\u00e4misest\u00e4;<\/li>\n\n\n\n<li>m\u00e4\u00e4r\u00e4t\u00e4\u00e4n yhdistyksen liittymis- ja j\u00e4senmaksujen suuruus;<\/li>\n\n\n\n<li>k\u00e4sitell\u00e4\u00e4n mahdolliset yhdistyksen j\u00e4senten erottamistapaukset milloin yhdistyksen j\u00e4sen on s\u00e4\u00e4nt\u00f6jen 5 pyk\u00e4l\u00e4n mukaan saattanut erottamisensa yhdistyksen kokouksen ratkaistavaksi;<\/li>\n\n\n\n<li>valitaan tarpeelliset jaostot;<\/li>\n\n\n\n<li>k\u00e4sitell\u00e4\u00e4n muut johtokunnan tai yksityisten j\u00e4senten johtokunnalle v\u00e4hint\u00e4\u00e4n kolme viikkoa ennen talvikokousta esitt\u00e4m\u00e4t asiat;<\/li>\n\n\n\n<li>p\u00e4\u00e4tet\u00e4\u00e4n toimialueen riistanhoitoyhdistykselle teht\u00e4vist\u00e4 esityksist\u00e4; sek\u00e4<\/li>\n\n\n\n<li>k\u00e4sitell\u00e4\u00e4n muut mahdolliset esille tulevat asiat, joista ei kuitenkaan voida tehd\u00e4 p\u00e4\u00e4t\u00f6st\u00e4.<\/li>\n<\/ol>\n\n\n\n<p>11\u00a7<\/p>\n\n\n\n<p>Kes\u00e4kokous pidet\u00e4\u00e4n viimeist\u00e4\u00e4n elokuun 8. p\u00e4iv\u00e4n\u00e4, jossa p\u00e4\u00e4tet\u00e4\u00e4n siin\u00e4 j\u00e4senten ja heid\u00e4n vieraittensa oikeudesta harjoittaa mets\u00e4styst\u00e4 yhdistyksen mets\u00e4stysalueilla tulevana mets\u00e4styskautena samoin kuin niill\u00e4 toimeenpantavista rauhoituksista ym. riistan suojelutoimenpiteist\u00e4 sek\u00e4 vierasmaksun suuruudesta. Kokouksessa voidaan tehd\u00e4 p\u00e4\u00e4t\u00f6ksi\u00e4 my\u00f6s muista kokouskutsussa mainituista asioista.<\/p>\n\n\n\n<p>12\u00a7<\/p>\n\n\n\n<p>Yhdistyksen ylim\u00e4\u00e4r\u00e4inen kokous pidet\u00e4\u00e4n, milloin yhdistyksen kokous on niin p\u00e4\u00e4tt\u00e4nyt, milloin johtokunta katsoo sen tarpeelliseksi tai milloin v\u00e4hint\u00e4\u00e4n yksi viidesosa j\u00e4senist\u00e4 sit\u00e4 johtokunnalta kirjallisesti vaatii ilmoittamansa asian k\u00e4sittely\u00e4 varten. Ylim\u00e4\u00e4r\u00e4inen kokous on pidett\u00e4v\u00e4 yhden kuukauden kuluessa vaatimuksen esitt\u00e4misest\u00e4. Kokouskutsussa on voimassa, mit\u00e4 8 \u00a7 on m\u00e4\u00e4r\u00e4tty.<\/p>\n\n\n\n<p>13\u00a7<\/p>\n\n\n\n<p>J\u00e4senen oikeudesta ottaa mukaansa yhdistyksen mets\u00e4stysmaille yhdistykseen kuulumattomia mets\u00e4st\u00e4ji\u00e4 ja heid\u00e4n oikeudestaan mets\u00e4st\u00e4\u00e4 sek\u00e4 muista j\u00e4rjestysasioista m\u00e4\u00e4r\u00e4t\u00e4\u00e4n yhdistyksen kokouksen hyv\u00e4ksym\u00e4ss\u00e4 mets\u00e4styss\u00e4\u00e4nn\u00f6ss\u00e4 tai p\u00e4\u00e4tet\u00e4\u00e4n vuosittain kes\u00e4kokouksessa.<\/p>\n\n\n\n<p>14\u00a7<\/p>\n\n\n\n<p>Yhdistyksen on pidett\u00e4v\u00e4 luetteloa suoritetuista riistanhoitot\u00f6ist\u00e4 ym. toiminnasta, asiat selvi\u00e4\u00e4 riistanhoitojaoston toimintasuunnitelmasta ja &#8211; kertomuksista, sek\u00e4 pienpetojen saalisluettelo<\/p>\n\n\n\n<p>15\u00a7<\/p>\n\n\n\n<p>Yhdistys toimii yhteisty\u00f6ss\u00e4 toimialueensa riistanhoitoyhdistyksen kanssa. Toimintavuoden aikana tapahtuneista toimihenkil\u00f6muutoksista on ilmoitus riistanhoitoyhdistykselle teht\u00e4v\u00e4 v\u00e4litt\u00f6m\u00e4sti ja yhdistyksen tulee antaa riistanhoitoyhdistykselle sen pyyt\u00e4m\u00e4t tiedot.<\/p>\n\n\n\n<p>16\u00a7<\/p>\n\n\n\n<p>N\u00e4itten s\u00e4\u00e4nt\u00f6jen muuttamista ja yhdistyksen purkamista koskeva p\u00e4\u00e4t\u00f6s on, ollakseen p\u00e4tev\u00e4, teht\u00e4v\u00e4 yhdistyksen kokouksessa sen j\u00e4lkeen, kun johtokunta on asian k\u00e4sitellyt, ja asiasta on mainittu kokouskutsussa. P\u00e4\u00e4t\u00f6st\u00e4 tulee kannattaa kolme nelj\u00e4sosaa \u00e4\u00e4nestyksess\u00e4 annetuista \u00e4\u00e4nist\u00e4.<\/p>\n\n\n\n<p>17\u00a7<\/p>\n\n\n\n<p>Jos yhdistys puretaan, k\u00e4ytet\u00e4\u00e4n sen omaisuus viimeisen kokouksen p\u00e4\u00e4t\u00f6ksen mukaisesti yhdistyksen toimintaa l\u00e4hell\u00e4 oleviin riistanhoidollisiin tarkoituksiin. Yhdistyksen arkisto on siirrett\u00e4v\u00e4 toimialueen riistanhoitoyhdistykselle, jolle samoin kuin yhdistysrekisteriviranomaisille on teht\u00e4v\u00e4 ilmoitus purkamisesta.<\/p>\n\n\n\n<p>18\u00a7<\/p>\n\n\n\n<p>Muutoin noudatettakoon, mit\u00e4 laissa yhdistyksist\u00e4 on s\u00e4\u00e4detty.<\/p>\n","protected":false},"excerpt":{"rendered":"<p>Patentti- ja rekisterihallitus on hyv\u00e4ksynyt n\u00e4m\u00e4 s\u00e4\u00e4nn\u00f6t yhdistyksen s\u00e4\u00e4nn\u00f6iksi 3.3.2023 1 \u00a7 Yhdistyksen nimi on Iin Mets\u00e4stysyhdistys ry ja kotikunta Ii. 2 \u00a7 Yhdistyksen tarkoituksena on harjoittaa j\u00e4rkiper\u00e4ist\u00e4 mets\u00e4styst\u00e4 ja riistanhoitoa sek\u00e4 niiden edellytt\u00e4m\u00e4\u00e4 luonnonsuojelua ja ampumaurheilua. 3 \u00a7 Tarkoituksen toteuttamiseksi yhdistys: 4 \u00a7 Yhdistyksen j\u00e4seniksi johtokunta voi hyv\u00e4ksy\u00e4 riistanhoitoa ja mets\u00e4styst\u00e4 harrastavat henkil\u00f6t, jotka &hellip; <a href=\"https:\/\/www.iinmetsastysyhdistys.fi\/?page_id=471\" class=\"more-link\">Jatka lukemista <span class=\"screen-reader-text\">S\u00e4\u00e4nn\u00f6t<\/span> <span class=\"meta-nav\">&rarr;<\/span><\/a><\/p>\n","protected":false},"author":1,"featured_media":0,"parent":0,"menu_order":4,"comment_status":"closed","ping_status":"closed","template":"page-templates\/full-width.php","meta":{"footnotes":""},"class_list":["post-471","page","type-page","status-publish","hentry"],"jetpack_sharing_enabled":true,"_links":{"self":[{"href":"https:\/\/www.iinmetsastysyhdistys.fi\/index.php?rest_route=\/wp\/v2\/pages\/471","targetHints":{"allow":["GET"]}}],"collection":[{"href":"https:\/\/www.iinmetsastysyhdistys.fi\/index.php?rest_route=\/wp\/v2\/pages"}],"about":[{"href":"https:\/\/www.iinmetsastysyhdistys.fi\/index.php?rest_route=\/wp\/v2\/types\/page"}],"author":[{"embeddable":true,"href":"https:\/\/www.iinmetsastysyhdistys.fi\/index.php?rest_route=\/wp\/v2\/users\/1"}],"replies":[{"embeddable":true,"href":"https:\/\/www.iinmetsastysyhdistys.fi\/index.php?rest_route=%2Fwp%2Fv2%2Fcomments&post=471"}],"version-history":[{"count":14,"href":"https:\/\/www.iinmetsastysyhdistys.fi\/index.php?rest_route=\/wp\/v2\/pages\/471\/revisions"}],"predecessor-version":[{"id":1020,"href":"https:\/\/www.iinmetsastysyhdistys.fi\/index.php?rest_route=\/wp\/v2\/pages\/471\/revisions\/1020"}],"wp:attachment":[{"href":"https:\/\/www.iinmetsastysyhdistys.fi\/index.php?rest_route=%2Fwp%2Fv2%2Fmedia&parent=471"}],"curies":[{"name":"wp","href":"https:\/\/api.w.org\/{rel}","templated":true}]}}