{"id":1330,"date":"2026-01-12T21:51:25","date_gmt":"2026-01-12T19:51:25","guid":{"rendered":"https:\/\/www.iinmetsastysyhdistys.fi\/?page_id=1330"},"modified":"2026-01-14T20:27:11","modified_gmt":"2026-01-14T18:27:11","slug":"jousimetsastys","status":"publish","type":"page","link":"https:\/\/www.iinmetsastysyhdistys.fi\/?page_id=1330","title":{"rendered":"Jousimets\u00e4stys"},"content":{"rendered":"\n<p>Jousiammuntajaosto on ampumajaoston alajaosto.<\/p>\n\n\n\n<p>Jousiammuntajaoston kokoonpano kaudella 2025-2026<\/p>\n\n\n\n<figure class=\"wp-block-table\"><table class=\"has-fixed-layout\"><tbody><tr><td><strong>Teht\u00e4v\u00e4<\/strong><\/td><td><strong>Nimi<\/strong><\/td><td><strong>yhteystiedot<\/strong><\/td><\/tr><tr><td>Vet\u00e4j\u00e4<\/td><td>Jani Kontio<\/td><td>040-566 4699<\/td><\/tr><tr><td>Ampumajaoston vet\u00e4j\u00e4<\/td><td>Sami Junnila<\/td><td><\/td><\/tr><tr><td><\/td><td><\/td><td><\/td><\/tr><tr><td><\/td><td><\/td><td><\/td><\/tr><\/tbody><\/table><\/figure>\n\n\n\n<p><\/p>\n\n\n\n<p><\/p>\n\n\n\n<h2 class=\"wp-block-heading\">Jousiammuntavuoro 2025-2026<\/h2>\n\n\n\n<p><\/p>\n\n\n\n<p>Jaoksella on avoin jousiammuntavuoro Iin Mets\u00e4stysyhdistyksen j\u00e4senille <strong>Valtarin koululla<\/strong> perjantaisin kello 19-20 . Kaikille kuntalaisille tarkoitettu vuoro on yhdistyksen vuoron j\u00e4lkeen kello 20-21. Turvallisuusn\u00e4k\u00f6k\u00f6hdat huomioiden vuorolle on rajoitus max. 6 osallistujaa, jotta opastaja ehtii valvoa ja auttaa kaikkia tarpeen mukaan.<\/p>\n\n\n\n<p>Tiedossa olevat poikkeukset jolloin kunta tarvitsee salia omaan k\u00e4ytt\u00f6\u00f6n, joten vuoroa ei t\u00e4ll\u00f6in ole:<\/p>\n\n\n\n<ul class=\"wp-block-list\">\n<li>30.1. 2026<\/li>\n\n\n\n<li>13.2. 2026<\/li>\n<\/ul>\n\n\n\n<p>Mets\u00e4stysyhdistyksen j\u00e4senet voivat j\u00e4\u00e4d\u00e4 ampumaan seuran vuoron j\u00e4lkeen yleis\u00f6vuorolle mik\u00e4li vuorolla on viel\u00e4 tilaa. Seuralla on jonkin verran v\u00e4lineist\u00f6\u00e4, joten v\u00e4ltt\u00e4m\u00e4tt\u00e4 et tarvitse omaa jousta. Yhdistyksen j\u00e4senille lainaaminen ja kokeileminen on maksutonta. Esit\u00e4th\u00e4n tarvittaessa todistuksen j\u00e4senyydest\u00e4. Lis\u00e4tietoja jaoksen vet\u00e4j\u00e4lt\u00e4.<\/p>\n\n\n\n<p>Jos harrastus kiinnostaa, halukkaat voivat liitty\u00e4 jaoksen WhatsApp ryhm\u00e4\u00e4n ja seurata tiedoitusta aktiivisesti sit\u00e4 kautta!<\/p>\n\n\n\n<h2 class=\"wp-block-heading\">Kes\u00e4harjoittelu<\/h2>\n\n\n\n<p>Kes\u00e4kaudelle jaoksella on mahdollista saada vuoro ampumaradalta ja harjoitella mets\u00e4stysmaaleihin. Yhdistyksell\u00e4 taulujen lis\u00e4ksi mm. j\u00e4nis ja peura-maalit.<\/p>\n\n\n<div class=\"wp-block-image\">\n<figure class=\"aligncenter size-large\"><img loading=\"lazy\" decoding=\"async\" width=\"576\" height=\"1024\" src=\"https:\/\/www.iinmetsastysyhdistys.fi\/wp-content\/uploads\/Jousiammunta-1-576x1024.jpeg\" alt=\"\" class=\"wp-image-1340\" srcset=\"https:\/\/www.iinmetsastysyhdistys.fi\/wp-content\/uploads\/Jousiammunta-1-576x1024.jpeg 576w, https:\/\/www.iinmetsastysyhdistys.fi\/wp-content\/uploads\/Jousiammunta-1-169x300.jpeg 169w, https:\/\/www.iinmetsastysyhdistys.fi\/wp-content\/uploads\/Jousiammunta-1-864x1536.jpeg 864w, https:\/\/www.iinmetsastysyhdistys.fi\/wp-content\/uploads\/Jousiammunta-1.jpeg 1152w\" sizes=\"auto, (max-width: 576px) 100vw, 576px\" \/><\/figure>\n<\/div>","protected":false},"excerpt":{"rendered":"<p>Jousiammuntajaosto on ampumajaoston alajaosto. Jousiammuntajaoston kokoonpano kaudella 2025-2026 Teht\u00e4v\u00e4 Nimi yhteystiedot Vet\u00e4j\u00e4 Jani Kontio 040-566 4699 Ampumajaoston vet\u00e4j\u00e4 Sami Junnila Jousiammuntavuoro 2025-2026 Jaoksella on avoin jousiammuntavuoro Iin Mets\u00e4stysyhdistyksen j\u00e4senille Valtarin koululla perjantaisin kello 19-20 . Kaikille kuntalaisille tarkoitettu vuoro on yhdistyksen vuoron j\u00e4lkeen kello 20-21. Turvallisuusn\u00e4k\u00f6k\u00f6hdat huomioiden vuorolle on rajoitus max. 6 osallistujaa, jotta opastaja &hellip; <a href=\"https:\/\/www.iinmetsastysyhdistys.fi\/?page_id=1330\" class=\"more-link\">Jatka lukemista <span class=\"screen-reader-text\">Jousimets\u00e4stys<\/span> <span class=\"meta-nav\">&rarr;<\/span><\/a><\/p>\n","protected":false},"author":2,"featured_media":0,"parent":0,"menu_order":0,"comment_status":"closed","ping_status":"closed","template":"","meta":{"footnotes":""},"class_list":["post-1330","page","type-page","status-publish","hentry"],"jetpack_sharing_enabled":true,"_links":{"self":[{"href":"https:\/\/www.iinmetsastysyhdistys.fi\/index.php?rest_route=\/wp\/v2\/pages\/1330","targetHints":{"allow":["GET"]}}],"collection":[{"href":"https:\/\/www.iinmetsastysyhdistys.fi\/index.php?rest_route=\/wp\/v2\/pages"}],"about":[{"href":"https:\/\/www.iinmetsastysyhdistys.fi\/index.php?rest_route=\/wp\/v2\/types\/page"}],"author":[{"embeddable":true,"href":"https:\/\/www.iinmetsastysyhdistys.fi\/index.php?rest_route=\/wp\/v2\/users\/2"}],"replies":[{"embeddable":true,"href":"https:\/\/www.iinmetsastysyhdistys.fi\/index.php?rest_route=%2Fwp%2Fv2%2Fcomments&post=1330"}],"version-history":[{"count":6,"href":"https:\/\/www.iinmetsastysyhdistys.fi\/index.php?rest_route=\/wp\/v2\/pages\/1330\/revisions"}],"predecessor-version":[{"id":1351,"href":"https:\/\/www.iinmetsastysyhdistys.fi\/index.php?rest_route=\/wp\/v2\/pages\/1330\/revisions\/1351"}],"wp:attachment":[{"href":"https:\/\/www.iinmetsastysyhdistys.fi\/index.php?rest_route=%2Fwp%2Fv2%2Fmedia&parent=1330"}],"curies":[{"name":"wp","href":"https:\/\/api.w.org\/{rel}","templated":true}]}}