{"id":986,"date":"2024-02-11T13:22:49","date_gmt":"2024-02-11T11:22:49","guid":{"rendered":"https:\/\/www.iinmetsastysyhdistys.fi\/?page_id=986"},"modified":"2024-02-12T22:26:40","modified_gmt":"2024-02-12T20:26:40","slug":"arkisto","status":"publish","type":"page","link":"http:\/\/www.iinmetsastysyhdistys.fi\/?page_id=986","title":{"rendered":"Arkisto"},"content":{"rendered":"\n<p>Vanhat yhdistyksen yleiskokousten p\u00f6yt\u00e4kirjat l\u00f6ytyv\u00e4t tulevaisuudessa t\u00e4\u00e4lt\u00e4<\/p>\n\n\n\n<hr class=\"wp-block-separator has-alpha-channel-opacity\"\/>\n\n\n\n<p><strong>Yhdistys<\/strong><\/p>\n\n\n\n<figure class=\"wp-block-embed is-type-wp-embed is-provider-iin-mets-auml-stysyhdistys-ry wp-block-embed-iin-mets-auml-stysyhdistys-ry\"><div class=\"wp-block-embed__wrapper\">\n<blockquote class=\"wp-embedded-content\" data-secret=\"NiYbJlJC2l\"><a href=\"https:\/\/www.iinmetsastysyhdistys.fi\/?attachment_id=999\">Talvikokous 2024 P\u00f6yt\u00e4kirja<\/a><\/blockquote><iframe loading=\"lazy\" class=\"wp-embedded-content\" sandbox=\"allow-scripts\" security=\"restricted\" style=\"position: absolute; clip: rect(1px, 1px, 1px, 1px);\" title=\"&#8221;Talvikokous 2024 P\u00f6yt\u00e4kirja&#8221; &#8212; Iin Mets&auml;stysyhdistys Ry\" src=\"https:\/\/www.iinmetsastysyhdistys.fi\/?attachment_id=999&#038;embed=true#?secret=wnS0N4kLQf#?secret=NiYbJlJC2l\" data-secret=\"NiYbJlJC2l\" width=\"474\" height=\"267\" frameborder=\"0\" marginwidth=\"0\" marginheight=\"0\" scrolling=\"no\"><\/iframe>\n<\/div><\/figure>\n\n\n\n<figure class=\"wp-block-embed is-type-wp-embed is-provider-iin-mets-auml-stysyhdistys-ry wp-block-embed-iin-mets-auml-stysyhdistys-ry\"><div class=\"wp-block-embed__wrapper\">\n<blockquote class=\"wp-embedded-content\" data-secret=\"084Yu9fzWP\"><a href=\"https:\/\/www.iinmetsastysyhdistys.fi\/?attachment_id=861\">kesakokouksen-paatokset-4.8.2023<\/a><\/blockquote><iframe loading=\"lazy\" class=\"wp-embedded-content\" sandbox=\"allow-scripts\" security=\"restricted\" style=\"position: absolute; clip: rect(1px, 1px, 1px, 1px);\" title=\"&#8221;kesakokouksen-paatokset-4.8.2023&#8221; &#8212; Iin Mets&auml;stysyhdistys Ry\" src=\"https:\/\/www.iinmetsastysyhdistys.fi\/?attachment_id=861&#038;embed=true#?secret=4Mq3sygDTn#?secret=084Yu9fzWP\" data-secret=\"084Yu9fzWP\" width=\"474\" height=\"267\" frameborder=\"0\" marginwidth=\"0\" marginheight=\"0\" scrolling=\"no\"><\/iframe>\n<\/div><\/figure>\n\n\n\n<hr class=\"wp-block-separator has-alpha-channel-opacity\"\/>\n\n\n\n<figure class=\"wp-block-embed is-type-wp-embed is-provider-iin-mets-auml-stysyhdistys-ry wp-block-embed-iin-mets-auml-stysyhdistys-ry\"><div class=\"wp-block-embed__wrapper\">\n<blockquote class=\"wp-embedded-content\" data-secret=\"gq2ckla1DH\"><a href=\"https:\/\/www.iinmetsastysyhdistys.fi\/?attachment_id=997\">Mets\u00e4stysseuran toimintakertomus 2023<\/a><\/blockquote><iframe loading=\"lazy\" class=\"wp-embedded-content\" sandbox=\"allow-scripts\" security=\"restricted\" style=\"position: absolute; clip: rect(1px, 1px, 1px, 1px);\" title=\"&#8221;Mets\u00e4stysseuran toimintakertomus 2023&#8221; &#8212; Iin Mets&auml;stysyhdistys Ry\" src=\"https:\/\/www.iinmetsastysyhdistys.fi\/?attachment_id=997&#038;embed=true#?secret=c3zvAVMEps#?secret=gq2ckla1DH\" data-secret=\"gq2ckla1DH\" width=\"474\" height=\"267\" frameborder=\"0\" marginwidth=\"0\" marginheight=\"0\" scrolling=\"no\"><\/iframe>\n<\/div><\/figure>\n\n\n\n<hr class=\"wp-block-separator has-alpha-channel-opacity\"\/>\n\n\n\n<figure class=\"wp-block-embed is-type-wp-embed is-provider-iin-mets-auml-stysyhdistys-ry wp-block-embed-iin-mets-auml-stysyhdistys-ry\"><div class=\"wp-block-embed__wrapper\">\n<blockquote class=\"wp-embedded-content\" data-secret=\"o4aho88jW1\"><a href=\"https:\/\/www.iinmetsastysyhdistys.fi\/?attachment_id=998\">Mets\u00e4stysseura toimintasuunnitelma 2024<\/a><\/blockquote><iframe loading=\"lazy\" class=\"wp-embedded-content\" sandbox=\"allow-scripts\" security=\"restricted\" style=\"position: absolute; clip: rect(1px, 1px, 1px, 1px);\" title=\"&#8221;Mets\u00e4stysseura toimintasuunnitelma 2024&#8221; &#8212; Iin Mets&auml;stysyhdistys Ry\" src=\"https:\/\/www.iinmetsastysyhdistys.fi\/?attachment_id=998&#038;embed=true#?secret=yOrCbUSYn6#?secret=o4aho88jW1\" data-secret=\"o4aho88jW1\" width=\"474\" height=\"267\" frameborder=\"0\" marginwidth=\"0\" marginheight=\"0\" scrolling=\"no\"><\/iframe>\n<\/div><\/figure>\n\n\n\n<hr class=\"wp-block-separator has-alpha-channel-opacity\"\/>\n\n\n\n<p><strong>Jaostot<\/strong><\/p>\n\n\n\n<figure class=\"wp-block-embed is-type-wp-embed is-provider-iin-mets-auml-stysyhdistys-ry wp-block-embed-iin-mets-auml-stysyhdistys-ry\"><div class=\"wp-block-embed__wrapper\">\n<blockquote class=\"wp-embedded-content\" data-secret=\"ueSnJMzvD4\"><a href=\"https:\/\/www.iinmetsastysyhdistys.fi\/?attachment_id=996\">Riistanhoitojaosto Toimintakertomus 2023 ja Toimintasuunnitelma 2024<\/a><\/blockquote><iframe loading=\"lazy\" class=\"wp-embedded-content\" sandbox=\"allow-scripts\" security=\"restricted\" style=\"position: absolute; clip: rect(1px, 1px, 1px, 1px);\" title=\"&#8221;Riistanhoitojaosto Toimintakertomus 2023 ja Toimintasuunnitelma 2024&#8221; &#8212; Iin Mets&auml;stysyhdistys Ry\" src=\"https:\/\/www.iinmetsastysyhdistys.fi\/?attachment_id=996&#038;embed=true#?secret=PAlP0DO8X4#?secret=ueSnJMzvD4\" data-secret=\"ueSnJMzvD4\" width=\"474\" height=\"267\" frameborder=\"0\" marginwidth=\"0\" marginheight=\"0\" scrolling=\"no\"><\/iframe>\n<\/div><\/figure>\n\n\n\n<figure class=\"wp-block-embed is-type-wp-embed is-provider-iin-mets-auml-stysyhdistys-ry wp-block-embed-iin-mets-auml-stysyhdistys-ry\"><div class=\"wp-block-embed__wrapper\">\n<blockquote class=\"wp-embedded-content\" data-secret=\"oEDloB9kW7\"><a href=\"https:\/\/www.iinmetsastysyhdistys.fi\/?attachment_id=995\">Kenneljaoston toimintakertomus 2023<\/a><\/blockquote><iframe loading=\"lazy\" class=\"wp-embedded-content\" sandbox=\"allow-scripts\" security=\"restricted\" style=\"position: absolute; clip: rect(1px, 1px, 1px, 1px);\" title=\"&#8221;Kenneljaoston toimintakertomus 2023&#8221; &#8212; Iin Mets&auml;stysyhdistys Ry\" src=\"https:\/\/www.iinmetsastysyhdistys.fi\/?attachment_id=995&#038;embed=true#?secret=2oM5H0U0pX#?secret=oEDloB9kW7\" data-secret=\"oEDloB9kW7\" width=\"474\" height=\"267\" frameborder=\"0\" marginwidth=\"0\" marginheight=\"0\" scrolling=\"no\"><\/iframe>\n<\/div><\/figure>\n\n\n\n<figure class=\"wp-block-embed is-type-wp-embed is-provider-iin-mets-auml-stysyhdistys-ry wp-block-embed-iin-mets-auml-stysyhdistys-ry\"><div class=\"wp-block-embed__wrapper\">\n<blockquote class=\"wp-embedded-content\" data-secret=\"HSy55NfPe5\"><a href=\"https:\/\/www.iinmetsastysyhdistys.fi\/?attachment_id=1006\">Ampumajaoston toimintakertomus 2023-ts2024<\/a><\/blockquote><iframe loading=\"lazy\" class=\"wp-embedded-content\" sandbox=\"allow-scripts\" security=\"restricted\" style=\"position: absolute; clip: rect(1px, 1px, 1px, 1px);\" title=\"&#8221;Ampumajaoston toimintakertomus 2023-ts2024&#8221; &#8212; Iin Mets&auml;stysyhdistys Ry\" src=\"https:\/\/www.iinmetsastysyhdistys.fi\/?attachment_id=1006&#038;embed=true#?secret=Zvy6XW4Ymk#?secret=HSy55NfPe5\" data-secret=\"HSy55NfPe5\" width=\"474\" height=\"267\" frameborder=\"0\" marginwidth=\"0\" marginheight=\"0\" scrolling=\"no\"><\/iframe>\n<\/div><\/figure>\n","protected":false},"excerpt":{"rendered":"<p>Vanhat yhdistyksen yleiskokousten p\u00f6yt\u00e4kirjat l\u00f6ytyv\u00e4t tulevaisuudessa t\u00e4\u00e4lt\u00e4 Yhdistys Jaostot<\/p>\n","protected":false},"author":2,"featured_media":0,"parent":0,"menu_order":0,"comment_status":"closed","ping_status":"closed","template":"","meta":{"footnotes":""},"class_list":["post-986","page","type-page","status-publish","hentry"],"jetpack_sharing_enabled":true,"_links":{"self":[{"href":"http:\/\/www.iinmetsastysyhdistys.fi\/index.php?rest_route=\/wp\/v2\/pages\/986","targetHints":{"allow":["GET"]}}],"collection":[{"href":"http:\/\/www.iinmetsastysyhdistys.fi\/index.php?rest_route=\/wp\/v2\/pages"}],"about":[{"href":"http:\/\/www.iinmetsastysyhdistys.fi\/index.php?rest_route=\/wp\/v2\/types\/page"}],"author":[{"embeddable":true,"href":"http:\/\/www.iinmetsastysyhdistys.fi\/index.php?rest_route=\/wp\/v2\/users\/2"}],"replies":[{"embeddable":true,"href":"http:\/\/www.iinmetsastysyhdistys.fi\/index.php?rest_route=%2Fwp%2Fv2%2Fcomments&post=986"}],"version-history":[{"count":6,"href":"http:\/\/www.iinmetsastysyhdistys.fi\/index.php?rest_route=\/wp\/v2\/pages\/986\/revisions"}],"predecessor-version":[{"id":1008,"href":"http:\/\/www.iinmetsastysyhdistys.fi\/index.php?rest_route=\/wp\/v2\/pages\/986\/revisions\/1008"}],"wp:attachment":[{"href":"http:\/\/www.iinmetsastysyhdistys.fi\/index.php?rest_route=%2Fwp%2Fv2%2Fmedia&parent=986"}],"curies":[{"name":"wp","href":"https:\/\/api.w.org\/{rel}","templated":true}]}}