{"id":581,"date":"2023-05-13T13:41:24","date_gmt":"2023-05-13T11:41:24","guid":{"rendered":"https:\/\/www.iinmetsastysyhdistys.fi\/?page_id=581"},"modified":"2025-08-05T22:59:23","modified_gmt":"2025-08-05T20:59:23","slug":"maja-ja-sauna","status":"publish","type":"page","link":"http:\/\/www.iinmetsastysyhdistys.fi\/?page_id=581","title":{"rendered":"Maja ja sauna"},"content":{"rendered":"\n<p>Iin Mets\u00e4stysyhdistyksen Majaa ja Saunaa vuokraa kulloinenkin majais\u00e4nt\u00e4. Kts yhteystiedot sivu!<\/p>\n\n\n\n<p>Maja ja sauna sijaitsevat Iilaaksontie 2, 91100 Ii<\/p>\n\n\n\n<p>Vuokrahinnat<\/p>\n\n\n\n<ul class=\"wp-block-list\">\n<li>Maja, kokoukset 30e<\/li>\n\n\n\n<li>Maja, p\u00e4iv\u00e4vuokra 50e<\/li>\n\n\n\n<li>Sauna, p\u00e4iv\u00e4vuokra 50\u20ac<\/li>\n<\/ul>\n\n\n\n<p>MAJA<\/p>\n\n\n\n<ul class=\"wp-block-list\">\n<li>TV, hdmi liit\u00e4nt\u00e4 projektori-k\u00e4ytt\u00f6\u00e4 varten<\/li>\n\n\n\n<li>Sali, p\u00f6yti\u00e4 n. 10kpl, istuinpaikkoja n. 60<\/li>\n\n\n\n<li>Takka<\/li>\n\n\n\n<li>Keitti\u00f6ss\u00e4 j\u00e4\u00e4kaappi, kahvinkeittimi\u00e4 2kpl, vedenkeitin, mikroaaltouuni<\/li>\n\n\n\n<li>Astioita tarjoilua varten<\/li>\n\n\n\n<li>2 vessaa<\/li>\n<\/ul>\n\n\n\n<p><\/p>\n\n\n\n<p>SAUNA<\/p>\n\n\n\n<ul class=\"wp-block-list\">\n<li>Oleskelutila, p\u00f6yt\u00e4 6:lle hengelle<\/li>\n\n\n\n<li>Oleskelutilassa pieni j\u00e4\u00e4kaappi<\/li>\n\n\n\n<li>Pukeutumistila<\/li>\n\n\n\n<li>Saunatila n. 8hl\u00f6<\/li>\n\n\n\n<li>Kes\u00e4ll\u00e4 juokseva kylm\u00e4 vesi, talvella kantovesi majalta<\/li>\n\n\n\n<li>Puukiuas, vesi l\u00e4mpi\u00e4\u00e4 kiukaan mukana <\/li>\n<\/ul>\n\n\n\n<p><\/p>\n","protected":false},"excerpt":{"rendered":"<p>Iin Mets\u00e4stysyhdistyksen Majaa ja Saunaa vuokraa kulloinenkin majais\u00e4nt\u00e4. Kts yhteystiedot sivu! Maja ja sauna sijaitsevat Iilaaksontie 2, 91100 Ii Vuokrahinnat MAJA SAUNA<\/p>\n","protected":false},"author":2,"featured_media":0,"parent":0,"menu_order":0,"comment_status":"closed","ping_status":"closed","template":"","meta":{"footnotes":""},"class_list":["post-581","page","type-page","status-publish","hentry"],"jetpack_sharing_enabled":true,"_links":{"self":[{"href":"http:\/\/www.iinmetsastysyhdistys.fi\/index.php?rest_route=\/wp\/v2\/pages\/581","targetHints":{"allow":["GET"]}}],"collection":[{"href":"http:\/\/www.iinmetsastysyhdistys.fi\/index.php?rest_route=\/wp\/v2\/pages"}],"about":[{"href":"http:\/\/www.iinmetsastysyhdistys.fi\/index.php?rest_route=\/wp\/v2\/types\/page"}],"author":[{"embeddable":true,"href":"http:\/\/www.iinmetsastysyhdistys.fi\/index.php?rest_route=\/wp\/v2\/users\/2"}],"replies":[{"embeddable":true,"href":"http:\/\/www.iinmetsastysyhdistys.fi\/index.php?rest_route=%2Fwp%2Fv2%2Fcomments&post=581"}],"version-history":[{"count":5,"href":"http:\/\/www.iinmetsastysyhdistys.fi\/index.php?rest_route=\/wp\/v2\/pages\/581\/revisions"}],"predecessor-version":[{"id":1253,"href":"http:\/\/www.iinmetsastysyhdistys.fi\/index.php?rest_route=\/wp\/v2\/pages\/581\/revisions\/1253"}],"wp:attachment":[{"href":"http:\/\/www.iinmetsastysyhdistys.fi\/index.php?rest_route=%2Fwp%2Fv2%2Fmedia&parent=581"}],"curies":[{"name":"wp","href":"https:\/\/api.w.org\/{rel}","templated":true}]}}

<p>Iin Metsästysyhdistyksen Majaa ja Saunaa vuokraa kulloinenkin majaisäntä. Kts yhteystiedot sivu!</p>



<p>Maja ja sauna sijaitsevat Iilaaksontie 2, 91100 Ii</p>



<p>Vuokrahinnat</p>



<ul class="wp-block-list">
<li>Maja, kokoukset 30e</li>



<li>Maja, päivävuokra 50e</li>



<li>Sauna, päivävuokra 50€</li>
</ul>



<p>MAJA</p>



<ul class="wp-block-list">
<li>TV, hdmi liitäntä projektori-käyttöä varten</li>



<li>Sali, pöytiä n. 10kpl, istuinpaikkoja n. 60</li>



<li>Takka</li>



<li>Keittiössä jääkaappi, kahvinkeittimiä 2kpl, vedenkeitin, mikroaaltouuni</li>



<li>Astioita tarjoilua varten</li>



<li>2 vessaa</li>
</ul>



<p></p>



<p>SAUNA</p>



<ul class="wp-block-list">
<li>Oleskelutila, pöytä 6:lle hengelle</li>



<li>Oleskelutilassa pieni jääkaappi</li>



<li>Pukeutumistila</li>



<li>Saunatila n. 8hlö</li>



<li>Kesällä juokseva kylmä vesi, talvella kantovesi majalta</li>



<li>Puukiuas, vesi lämpiää kiukaan mukana </li>
</ul>



<p></p>

<p>Iin Metsästysyhdistyksen Majaa ja Saunaa vuokraa kulloinenkin majaisäntä. Kts yhteystiedot sivu! Maja ja sauna sijaitsevat Iilaaksontie 2, 91100 Ii Vuokrahinnat MAJA SAUNA</p>
